t) be the second derivative of 0 + 1/2*t**2 + f*t**3 - 7/12*t**4 + 2*t. Give s(-1).
-6
Let h(a) be the third derivative of a**7/2520 - a**6/120 - a**5/20 - a**4/6 + a**2. Let y(d) be the second derivative of h(d). Give y(5).
-11
Let j(g) = g**2 + 9*g - 8. Let w(k) = -2*k**2 - 18*k + 16. Let c(i) = -7*j(i) - 4*w(i). Calculate c(-9).
-8
Let o(f) be the second derivative of -f**5/20 + 7*f**4/12 + 7*f**2/2 - 2*f. Let l be o(7). Let c(g) = -g**2 + 8*g - 7. Give c(l).
0
Suppose 5*z - 8 = 3*z. Let q(y) = y**2 - 2*y - 4. What is q(z)?
4
Let x(h) be the first derivative of h**4/2 - 4*h**3/3 - 3*h - 9. What is x(3)?
15
Let w be (-1)/(-1*2/2). Let l(m) = 0*m - 4*m + 2*m + 3. Let j(d) = 4*d - 5. Let g(s) = 6*j(s) + 10*l(s). Calculate g(w).
4
Let u(i) be the second derivative of -1/3*i**3 + 0*i**2 + 5/24*i**4 - 1/60*i**5 + 2*i + 0. Let j(r) be the second derivative of u(r). Determine j(5).
-5
Let c(f) be the second derivative of -f**7/2520 - f**6/360 + f**5/30 + f**4/3 - 7*f. Let w(j) be the third derivative of c(j). What is w(-3)?
1
Let g(i) = 3*i + 3. Let d = -9 + 14. Suppose -5 = -d*y - 4*x, y = 5*x - 4*x - 8. What is g(y)?
-6
Let o(u) = 2*u**3 - u**2 - 4*u. Let h(c) = 6*c**3 - 3*c**2 - 11*c. Let w(b) = -6*h(b) + 17*o(b). What is w(2)?
-16
Let y(g) = 4*g**2 + 6*g + g**3 - 2*g - 12*g**2 + 12*g**2 + 2. What is y(-2)?
2
Let v(k) be the first derivative of 2*k**4 + k**2 + k + 14. Give v(-1).
-9
Let k(x) be the second derivative of -x**4/12 - x**3/6 + 2*x**2 + 2*x. Suppose 2*m - 5 = -11. Calculate k(m).
-2
Let x = -11 - -21. Suppose -3*q + x = u, -4*u + q + 2 = -12. Let z(y) = -u*y**2 - y**3 + 0*y + 0 - y + 2. Calculate z(-4).
6
Let d(o) = o - 1. Let j = 7 + -4. Let l be -1 + (j - (-3 - -3)). Suppose -2*v + v - 11 = 4*y, 0 = l*v + 4*y + 6. Calculate d(v).
4
Let s(t) = t**2 + 4*t - 1. Let a(n) = -n**2 + 11*n - 13. Suppose 3*h - 13 = 14. Let o be a(h). Suppose o*d + 6 = 3*d. What is s(d)?
-4
Let w be (6/8)/((-4)/16). Let g(k) = -3*k**2 + k**2 - 3 + 2*k + 2 - 2 - k**3. Determine g(w).
0
Let p(i) = i**3 - 5*i**2 - 6*i + 3. Suppose 4*l + 6 = -14, -3*q - 7 = 5*l. Let n be p(q). Let z(s) = -2*s**2 - s - 2*s - s + s**3. What is z(n)?
-3
Let j be 13 + -10 - ((-2 - 5) + 3). Let r(b) = -b**3 + 6*b**2 + 5*b - 2. What is r(j)?
-16
Let q be 3/12 - (-21)/12. Let r(g) = 2*g**2 + 5*g - 3 + 3*g**2 - 4*g**q. Let s be ((-4)/(-6))/((-6)/45). What is r(s)?
-3
Let q(k) be the first derivative of k**3/3 + 3*k**2 - 6*k - 21. Give q(-7).
1
Let q(c) = -2*c**3 + 4*c**2 - 3*c. Let g be 9/4 - (-2)/(-8). Let k(y) = -3*y. Let d be k(g). Let o = d + 8. Determine q(o).
-6
Let d be 64/(-12) + 1/3. Let m(q) = -q + 2*q - 6 - 2*q. Calculate m(d).
-1
Suppose 2*l + 5 = 7*l. Let a(m) = -2*m**2 + 4*m + 0*m**3 + m**3 + l - 5*m. Determine a(3).
7
Suppose -8*n + 20 = -6*n. Let r(p) = -p**2 + 10*p - 10. Give r(n).
-10
Let t = 3 + -3. Suppose w + r + 1 + 1 = t, 5*r + 16 = w. Let b(z) = -31*z - 2*z**2 - 1 + 17*z + 16*z. Determine b(w).
-1
Let o(u) = -u + 5. Let d(v) = 10*v - 2. Let r be d(2). Suppose 3*s = 8*s, -3*k + 5*s = -r. Determine o(k).
-1
Suppose 6 = -p + 1. Let l(d) = -d**2 - 5*d - 6. Calculate l(p).
-6
Let q(h) = -h**3 - 10*h**2 - 9*h + 5. Suppose -3*g = p + 3*p + 51, -p + 4*g = -11. Give q(p).
5
Let o = 22 + -33. Suppose -40 = -4*f + 5*r, -r + 2 - 6 = 0. Let d be o/f + 1/5. Let t(k) = -2*k + 2. Give t(d).
6
Let f(b) = -b - 3. Let o(g) = -g**3 + 5*g**2 - g + 1. Let j be o(5). Give f(j).
1
Let z(d) = -5*d - 9. Let p(j) = 11*j + 18. Let h(v) = 4*p(v) + 9*z(v). What is h(-6)?
-3
Let j(q) = -13*q**2 + 5*q - 2. Let i(b) = 4*b + 5. Let o be i(-4). Let w(l) = 7*l**2 - 3*l + 1. Let v(r) = o*w(r) - 6*j(r). Determine v(-2).
-1
Let z = -51 - -49. Let n(f) = -f**2 - 2*f - 1. Determine n(z).
-1
Let t(f) = -f**2 - f + 4. Let b be t(0). Let o(j) = -6*j + 13. Let v(a) = 4*a - 4*a - 5*a + 12 + 0*a. Let c(i) = -4*o(i) + 5*v(i). What is c(b)?
4
Let a(x) be the third derivative of -x**6/120 - x**2. Suppose 0 = 4*b + 3*c + 18, 2*b - 3*c + 18 = -0*b. Let t be b/4*(-4)/(-3). Calculate a(t).
8
Let v(m) = 11*m**3 - 17*m**2 - 11*m + 5. Let a(c) be the second derivative of c**5/5 - c**4/2 - 2*c**3/3 + c**2 - 4*c. Let h(j) = -8*a(j) + 3*v(j). Give h(3).
-4
Let j = -5 - -8. Let g(l) = 2*l**2 + 6*l - 1. Let a be g(-4). Let t(o) = -5*o + o**3 + 3 + a*o**2 - 12*o**2 + j*o. Calculate t(5).
-7
Let b(o) = 2*o**2 + 9*o - 1. Let v(a) = -3*a**2 - 10*a + 2. Let q(i) = 4*b(i) + 3*v(i). Determine q(7).
-5
Let k be 2/4*(-8 - -18). Let l(a) = -a**2 + 7*a. Give l(k).
10
Let u be ((-8)/(-2) - 0) + -2. Let k be 36/21 + 3/42*4. Suppose -k = -u*f + f. Let q(d) = -d**2 - 2. Give q(f).
-6
Let i(x) = 5*x**2 - 4*x - 1. Let r(h) = -5*h**2 + 4*h + 1. Let u(y) = 2*i(y) + 3*r(y). Calculate u(3).
-32
Let n(y) = 22 + 2*y + y**2 + 25 - 60 + 7*y. Calculate n(-10).
-3
Let k = 11 - 16. Let u = k - -6. Let v(j) = 36*j + 16. Let w(m) = -7*m - 3. Let p(x) = -3*v(x) - 16*w(x). Calculate p(u).
4
Let n(i) = i + 2*i - 2 - 5. Let j(f) = -f**3 + 2*f + 1. Let y be j(-2). What is n(y)?
8
Let z(u) = -u**3 - 9*u**2 - u - 9. Let m be z(-9). Suppose m = 4*b - 6*b - 12. Let s(c) be the first derivative of c**3/3 + 7*c**2/2 + 5*c - 1. What is s(b)?
-1
Let o(q) be the third derivative of q**7/840 - q**6/180 - q**5/30 + q**4/8 - 4*q**3/3 - 7*q**2. Let p(v) be the first derivative of o(v). What is p(3)?
0
Let u(q) = q - 3. Suppose -3*p = -11*p - 24. What is u(p)?
-6
Let z(j) = j + 3. Let v be z(-4). Let h be v/4 - (-75)/12. Let y(p) = p - 1. What is y(h)?
5
Let q(n) be the first derivative of -1 + 0*n - 1/180*n**6 + 0*n**5 - 1/3*n**3 + 1/12*n**4 + 0*n**2. Let p(m) be the third derivative of q(m). Determine p(-2).
-6
Let o(k) = k + 1. Suppose z - y + 0*y = 0, -z + 5*y = 8. Let l(j) = j**3 - j + 2*j + j**z + j**2. Let p be l(-2). Calculate o(p).
-1
Let g(z) be the first derivative of -z**3/3 - 2*z**2 + 5*z + 22. What is g(-5)?
0
Let x(w) = -w. Let j be x(1). Let l(f) = 0*f**3 - 7*f - 2*f**3 + 8*f. Give l(j).
1
Suppose 0 = -4*l + 5*d - 20, -5*d - 1 = 2*l - 21. Let y = 1 + l. Let a(c) = 3 + 11*c - 5 + 1. What is a(y)?
10
Suppose -1 = -b - 2*f, 3*b = 5*f - 2*f + 12. Let m be (-2)/4*(1 + b). Let t(v) = -2*v**2 - v - 1. What is t(m)?
-7
Suppose 56 = 4*a - 3*l, 4*l - 14 = -a + 3*l. Suppose 4*z = 4*r + 8 - 0, -z + a = -5*r. Let j(v) = v**2 + v - 1. Give j(r).
5
Let m = 7 + -4. Suppose 4*u + m = 3*u. Let j(z) = z**2 + 4*z + 1. Calculate j(u).
-2
Let q(k) be the second derivative of -k**5/20 + 2*k**4/3 - k**3 - k**2/2 - 8*k. Calculate q(7).
6
Let x(v) be the third derivative of -v**7/2520 - v**6/120 - v**5/20 + 7*v**4/24 - v**2. Let j(t) be the second derivative of x(t). Calculate j(-5).
-1
Let p be (98/63)/(-7) + 29/9. Let t(k) be the first derivative of 2*k**2 - 1/3*k**p - 3*k - 4. Give t(4).
-3
Let t(b) = -10*b + 29. Let m(j) = -2*j + 6. Suppose -6*o + 55 = -o. Let f(r) = o*m(r) - 2*t(r). Let h be (2 - 4) + (6 - -2). Determine f(h).
-4
Let q(y) = y - 6. Let z = -5 - -8. Determine q(z).
-3
Let p = -9 - -15. Let d(l) = 1. Let z(f) = -2*f - 12. Let y(i) = p*d(i) + z(i). What is y(-5)?
4
Let c(b) = 4*b**3 + b**2 - b - 1. Let z be c(-1). Let q(l) be the first derivative of -l**2 + 3*l + 32. What is q(z)?
9
Suppose 10*w = 5*w. Let n(y) = -y**2 + 19. Determine n(w).
19
Let j(l) = -3*l + 1 + l**2 + 2 - 3*l. What is j(2)?
-5
Suppose 3*s = 6 - 0. Let l be 6/(-2) - (s - 0). Let q(a) be the first derivative of -a**3/3 - 5*a**2/2 + 4*a + 4. What is q(l)?
4
Let j(h) = -h**3 + 10*h**2 - 19*h + 17. Let t be j(8). Let u(i) = 2*i + 10. Determine u(t).
-4
Let m(q) = q. Let d(y) = 3*y - 5. Let c(a) = -d(a) + 4*m(a). Determine c(-8).
-3
Let w(a) = 6*a - 3. Let r = -10 - -13. Calculate w(r).
15
Let z(f) = -9*f**2 + 1. Let m(u) = -4*u**2 + 0*u + 2*u**2 + 2*u - 5*u. Let s be m(-2). Let k be 3/5 - s/5. Calculate z(k).
-8
Let f(m) = 5*m**2 + m - 7. Let q(s) = -s**2 + s + 1. Let i(c) = -f(c) - 4*q(c). What is i(-4)?
7
Let f(x) be the third derivative of x**7/1680 - x**5/30 + x**2. Let g(z) be the third derivative of f(z). Determine g(-2).
-6
Let v(t) = -t**3 - 13*t**2 - 25 + 17 - 5*t - 8*t. Let u be v(-12). Let y(i) = -i**3 + 3*i**2 + 3*i + 5. What is y(u)?
1
Let k(d) = -d + 3. Suppose h - 2 + 0 = 0, -x = 2*h - 10. Calculate k(x).
-3
Let s(v) be the first derivative of -v**4/4 + 7*v**3/3 - 2*v**2 + 8*v + 